{"id":138,"date":"2026-08-31T11:49:48","date_gmt":"2026-08-31T09:49:48","guid":{"rendered":"https:\/\/gruene-niedersachsen.de\/machs-gruen\/?post_type=sunflower_event&#038;p=138"},"modified":"2026-08-31T11:49:48","modified_gmt":"2026-08-31T09:49:48","slug":"hildesheim-julia-willie-hamburg","status":"publish","type":"sunflower_event","link":"https:\/\/gruene-niedersachsen.de\/machs-gruen\/termine\/hildesheim-julia-willie-hamburg\/","title":{"rendered":"Hildesheim &#8211; Julia Willie Hamburg"},"content":{"rendered":"\n<p class=\"wp-block-paragraph\">Politik, die zu dir kommt. \ud83d\udc9a Keine gro\u00dfe B\u00fchne, keine langen Reden \u2013 daf\u00fcr viele direkte Gespr\u00e4che. Am 7. September sind wir gemeinsam mit Julia Willie Hamburg, stellvertretender Ministerpr\u00e4sidentin Niedersachsens, und unserem Landratskandidaten Matthias Brinkmann in Hildesheim unterwegs. <\/p>\n\n\n\n<p class=\"wp-block-paragraph\">Los geht es am Hauptbahnhof: Gemeinsam mit unseren Kandidierenden und Aktiven wollen wir mit Pendlerinnen und Pendlern ins Gespr\u00e4ch kommen und zuh\u00f6ren, was sie bewegt. Anschlie\u00dfend ziehen wir weiter in den Stadtteil und von Haust\u00fcr zu Haust\u00fcr. Denn gute Politik entsteht nicht nur im Rathaus oder in Hannover. Sie beginnt vor Ort \u2013 wenn wir zuh\u00f6ren, unterschiedliche Perspektiven zusammenbringen und gemeinsam daran arbeiten, das Leben in unserer Stadt und unserem Landkreis besser zu machen. <\/p>\n\n\n\n<p class=\"wp-block-paragraph\"><\/p>\n","protected":false},"excerpt":{"rendered":"<p>Politik, die zu dir kommt. \ud83d\udc9a Keine gro\u00dfe B\u00fchne, keine langen Reden \u2013 daf\u00fcr viele direkte Gespr\u00e4che. Am 7. September sind wir gemeinsam mit Julia Willie Hamburg, stellvertretender Ministerpr\u00e4sidentin Niedersachsens, [&hellip;]<\/p>\n","protected":false},"author":23,"featured_media":0,"comment_status":"closed","ping_status":"closed","template":"","sunflower_event_tag":[],"class_list":["post-138","sunflower_event","type-sunflower_event","status-publish","hentry"],"_links":{"self":[{"href":"https:\/\/gruene-niedersachsen.de\/machs-gruen\/wp-json\/wp\/v2\/sunflower_event\/138","targetHints":{"allow":["GET"]}}],"collection":[{"href":"https:\/\/gruene-niedersachsen.de\/machs-gruen\/wp-json\/wp\/v2\/sunflower_event"}],"about":[{"href":"https:\/\/gruene-niedersachsen.de\/machs-gruen\/wp-json\/wp\/v2\/types\/sunflower_event"}],"author":[{"embeddable":true,"href":"https:\/\/gruene-niedersachsen.de\/machs-gruen\/wp-json\/wp\/v2\/users\/23"}],"replies":[{"embeddable":true,"href":"https:\/\/gruene-niedersachsen.de\/machs-gruen\/wp-json\/wp\/v2\/comments?post=138"}],"wp:attachment":[{"href":"https:\/\/gruene-niedersachsen.de\/machs-gruen\/wp-json\/wp\/v2\/media?parent=138"}],"wp:term":[{"taxonomy":"sunflower_event_tag","embeddable":true,"href":"https:\/\/gruene-niedersachsen.de\/machs-gruen\/wp-json\/wp\/v2\/sunflower_event_tag?post=138"}],"curies":[{"name":"wp","href":"https:\/\/api.w.org\/{rel}","templated":true}]}}

<p class="wp-block-paragraph">Politik, die zu dir kommt. 💚 Keine große Bühne, keine langen Reden – dafür viele direkte Gespräche. Am 7. September sind wir gemeinsam mit Julia Willie Hamburg, stellvertretender Ministerpräsidentin Niedersachsens, und unserem Landratskandidaten Matthias Brinkmann in Hildesheim unterwegs. </p>



<p class="wp-block-paragraph">Los geht es am Hauptbahnhof: Gemeinsam mit unseren Kandidierenden und Aktiven wollen wir mit Pendlerinnen und Pendlern ins Gespräch kommen und zuhören, was sie bewegt. Anschließend ziehen wir weiter in den Stadtteil und von Haustür zu Haustür. Denn gute Politik entsteht nicht nur im Rathaus oder in Hannover. Sie beginnt vor Ort – wenn wir zuhören, unterschiedliche Perspektiven zusammenbringen und gemeinsam daran arbeiten, das Leben in unserer Stadt und unserem Landkreis besser zu machen. </p>



<p class="wp-block-paragraph"></p>

<p>Politik, die zu dir kommt. 💚 Keine große Bühne, keine langen Reden – dafür viele direkte Gespräche. Am 7. September sind wir gemeinsam mit Julia Willie Hamburg, stellvertretender Ministerpräsidentin Niedersachsens, [&hellip;]</p>
